x(k) = -8*k**3 - k**2 - 4*k - 12. List the prime factors of x(-4).
2, 5
Let r(f) = -20*f + 7. Let d(g) = g - 16. Let m be d(11). Let j be r(m). Suppose 3*k - 5*s - j = -34, -3*s - 6 = 0. What are the prime factors of k?
3, 7
Suppose -5*h - 9 = -b, -3*b - 2 = 1. Let n(w) be the first derivative of w**4/4 + 4*w**3/3 - 2*w**2 - 5*w + 1. What are the prime factors of n(h)?
11
Let p be ((-6)/(-126)*-15)/(1/(-7)). What are the prime factors of -11*(-8 - -5)*p?
3, 5, 11
Suppose 0 = 8*v - 228 - 116. What are the prime factors of v?
43
Let s = 343 + -108. List the prime factors of s.
5, 47
Let h = -2 + 4. Suppose 2*m - 22 = 3*k, -k + h*m + 0 - 14 = 0. What are the prime factors of 154/10 + k/10?
3, 5
Let j(t) = -5*t - 53. Let n be 1780/(-90) - 3/(81/6). List the prime factors of j(n).
47
Let o(y) = -y**3 - 12*y**2 + 13*y - 4. Let c be o(-13). Let u be (-121)/(-33) - c/(-6). Suppose 0 = -u*b + 65 - 8. List the prime factors of b.
19
Let b be (9150/60)/((-2)/(-4)*1). Suppose 5*l = 3*y - 968 + 46, y - b = 4*l. List the prime factors of y.
3, 103
Let c(w) = 5*w**3 - 2*w**2 - w + 2. Suppose -3*q - 3 + 9 = 0. What are the prime factors of c(q)?
2
Suppose -8*n - 1431 = -17*n. Suppose n = 5*b - 46. List the prime factors of b.
41
Let i(o) = -o + 13. Let p be i(13). Suppose p = -u - 3*x + 50, -5*u + 10*u = -x + 194. List the prime factors of u.
2, 19
Let f(g) = -7*g - 6. Let x(b) = 4*b**3 + 2*b**2 - 3*b. Let u be x(2). Suppose 5*o + u = 14. What are the prime factors of f(o)?
2, 11
Suppose 97 = 5*a + 32. Suppose -2*q = 2*g - 4*g - 16, -a = -q + 2*g. What are the prime factors of -6*q/6 - -14?
11
Let x be 0/2*(0 + -1). Let y be x*((-14)/(-4) + -3). Suppose 4*k = -2*c + 86, -2*k + 7*k - 2*c - 130 = y. List the prime factors of k.
2, 3
Let i(k) = 7*k**2 + k - 14. List the prime factors of i(-4).
2, 47
Let g(t) = -15*t + 104. What are the prime factors of g(-14)?
2, 157
List the prime factors of (1 + 18200/(-15))/((-7)/21).
3637
Let g(u) = -4*u**3 + u**2 + u. Let c = 5 + -6. Let p be g(c). Suppose 5*j + 4*d = -37 + 170, 4*j - p*d - 92 = 0. List the prime factors of j.
5
Suppose -31*t + 25*t = -2184. What are the prime factors of t?
2, 7, 13
Let r(k) = -k**2 + 5*k - 145. Let b be r(0). Let w = 153 + b. List the prime factors of w.
2
Let m(w) = -w**2 + 4*w + 10. Suppose -3*h - 2*y - 3 = 0, 5*h - 2*y - 2 - 9 = 0. Let c(o) = 1. Let j(b) = h*m(b) + c(b). List the prime factors of j(5).
2, 3
Let x(n) = -n**3 + n**2 + n + 5. Let m(s) = -s + 8. Let a be m(8). Let q be x(a). What are the prime factors of (-9)/(-15) + 117/q?
2, 3
Suppose 5*d - 6 = 4*d - 2*t, -2*d - 5*t + 11 = 0. Let v be (2*-2)/(d/(-14)). Suppose 54 = v*z - 23. What are the prime factors of z?
11
Let q = 1314 - -345. List the prime factors of q.
3, 7, 79
Let k(t) = -2*t + 8. Let d be k(6). What are the prime factors of d/18 + -1 + 190/45?
3
What are the prime factors of 630/(1 - -1) - -2?
317
Let o(k) = k**2 - 8*k + 10. Let n be (-84)/(-8) + 1/2. Let u be o(n). Let a = u + -25. What are the prime factors of a?
2, 3
Let r(z) = z**3 - 8*z**2 + 20*z - 3. What are the prime factors of r(5)?
2, 11
What are the prime factors of 3 + 19240/9 + 100/450?
2141
Let o be (-900)/(-24) + 3/(-2). Let s be (-284)/18 + (-8)/o. Let i = -1 - s. What are the prime factors of i?
3, 5
Let i(h) = -2*h + 11. Let c be (-10)/(0 + -1 + -1). Let j be i(c). List the prime factors of (1 + j - -17) + -2.
17
Suppose y + 4 - 14 = 0. Suppose -1223 = y*z - 4223. List the prime factors of z.
2, 3, 5
Suppose 1 = q, 3*q - 157 = -5*f + 636. Suppose -54 = 4*b + f. Let u = -29 - b. List the prime factors of u.
2, 3
Suppose -3*f - 2*w - 93 = 0, 0 = 2*f - 4*f - 4*w - 70. Let i = f - -109. List the prime factors of i.
2, 5
Let k(l) = -l**2 + 3*l + 310. List the prime factors of k(0).
2, 5, 31
Suppose -2*j + 734 = -0*s - 4*s, -5*j + 5*s = -1845. What are the prime factors of j?
7, 53
Let i = 274 + 945. What are the prime factors of i?
23, 53
Suppose -1201 = -5*k + 3*g, 2*k - 3*g + 173 - 657 = 0. What are the prime factors of k?
239
Let m(d) = d**3 + 7*d**2 - 6*d - 4. Let f be m(-8). Let a be -9 + 12 + (0 - f). Let w = 41 - a. List the prime factors of w.
2, 3
Let a = 16 - 16. Suppose 0 = 2*c + y + 17, -c - 2*y - 1 = -a*c. Let f = 1 - c. List the prime factors of f.
2, 3
Let s = -13 - -19. Let r be s/1*10/15. Suppose -r*g + 116 + 48 = 0. List the prime factors of g.
41
Let z = 26 - 24. Suppose -2*j + 4 = -z*g, j - 2 = -3*g - 4*j. What are the prime factors of (g + 65)/(2/1)?
2
Suppose -4*d = 5*a - 266, d = -2*a - a + 70. Let u = d + -28. What are the prime factors of u?
2, 3
Let y(t) = t**3 + 6*t**2 - 15. Let b = -13 - -18. Let p(k) = -k**2 - 1. Let j(o) = b*p(o) - y(o). List the prime factors of j(-11).
2, 5
Let w(h) be the second derivative of h**4/12 + 2*h**3/3 + 5*h. Let m be w(-5). Suppose -3*n + 40 = -m*g - 17, 4*n = -3*g + 76. What are the prime factors of n?
19
Let a = 81 - -904. List the prime factors of a.
5, 197
Suppose 3*x + 5*r - 1971 = 2*r, 5*r - 1305 = -2*x. Suppose -2*q + 5*l = -259 + 10, -5*l = -5*q + x. What are the prime factors of q?
137
Let j(u) = -31*u + 3. Let a be j(-4). Let w = -83 - -13. Let i = a + w. List the prime factors of i.
3, 19
Let a(v) = -4 + 4 - 2*v - 17. Suppose 3*o + 2*o - 3*s = -80, 5*s = 0. List the prime factors of a(o).
3, 5
Let g(z) = -17*z**3 + 2*z + 1. Let n(i) be the third derivative of i**4/24 - i**3/6 + 5*i**2. Let r be n(0). List the prime factors of g(r).
2
List the prime factors of (170/34)/((-3)/(-2238)).
2, 5, 373
Let k = -444 - -941. List the prime factors of k.
7, 71
Let q(n) = n**3 + 5*n**2 - 3*n. Suppose 6 = t + 5*p - 2, 3*t = -2*p + 11. What are the prime factors of q(t)?
3, 7
Let n = -15 + 10. Let w be (-10)/50 - (-19)/n. List the prime factors of (w/12)/((-4)/768).
2
Suppose o - k + 769 = 3*o, -2*o - 4*k + 754 = 0. Suppose 3*u + 0*u = o. What are the prime factors of ((-6)/(-9))/(2/u)?
43
Let t = -15 - -20. Suppose -84 = -t*r + 56. What are the prime factors of r?
2, 7
Let m = 577 + -328. List the prime factors of m.
3, 83
Let i be (-1896)/(-22) - 2/11. Suppose 2*b - i = -q - 0*q, 43 = b + 3*q. Suppose -f + b = 8. What are the prime factors of f?
5, 7
Suppose 6 = v + 4*l, -v = 3*v - 5*l - 24. Let k(i) = 116 + v*i + 4*i - 113 - i**2. List the prime factors of k(8).
19
Let k(m) = -4*m**3 - 2*m**2 + 5*m - 9. Let f(g) = -7*g**3 - 5*g**2 + 11*g - 17. Let t(y) = 6*f(y) - 11*k(y). List the prime factors of t(6).
3, 23
Suppose -3*i + 22 = 5*o, 15*i - 5*o = 14*i + 34. List the prime factors of i.
2, 7
Let r = -6 - -8. Suppose -r*v - 2 = -3*v. Suppose -2*m = -5*g + 18 + 31, 12 = v*g + 3*m. List the prime factors of g.
3
Let m be -2*(-3 - (-1 - 1)). Suppose -m*c - j = -155, -2*c - 2*j + 232 = c. What are the prime factors of c?
2, 3, 13
List the prime factors of (48/40)/(3/945).
2, 3, 7
Suppose 3*q = 1898 + 1621. What are the prime factors of q?
3, 17, 23
Let f be (76/133)/(2/7). Suppose 348 = f*d + 2*d. List the prime factors of d.
3, 29
Let v(x) = x**3 - 7*x**2 - 3*x - 7. Let s be v(8). Let i(t) = -t**2 - 30*t - 107. Let g be i(-26). Let a = g + s. List the prime factors of a.
2, 3, 5
Suppose -3959*v - 499 = -3960*v. List the prime factors of v.
499
Let y(z) = -z**3 + 18*z**2 + 32*z - 61. List the prime factors of y(16).
3, 107
Suppose -2*m + 9 = -3*i, m = -2*i - 2*i - 1. Suppose -11 = -4*p - m. Suppose 0 = 2*r - t - 112, -p*r - 3*t = -r - 56. List the prime factors of r.
2, 7
Let n(c) = c + 5. Let p be n(-6). Let h be 1 + (3/3 - p). Suppose -70 = x - h*x. What are the prime factors of x?
5, 7
Let u(m) = 349*m**2 + 19*m - 10. List the prime factors of u(3).
2, 797
Let m(c) be the second derivative of -c**5/20 - 7*c**4/4 + 3*c**3 + 55*c**2/2 + 16*c. List the prime factors of m(-22).
11, 13
Let z(i) = 1 + 9 + 2*i - 18. Let y be z(5). Suppose 0 = 7*t - y*t - 80. List the prime factors of t.
2
Suppose -18*s = -1174 - 3920. List the prime factors of s.
283
Let x = -13 + 15. Let j(y) = y + 3. Let l be j(x). What are the prime factors of 47/l + 2/(-5)?
3
Let f be 4/(-6)*105/10. List the prime factors of (f/5)/(7/(-245)).
7
Let a = 115 + -72. List the prime factors of a.
43
Suppose 37*y - 3 = 40*y. Let i(p) = -41*p**3 - 7*p**2 + 7*p. Let n(u) = 20*u**3 + 3*u**2 - 3*u. Let f(j) = -3*i(j) - 7*n(j). What are 